 127.
127
What is the greatest common divisor of 30 and 3360?
30
What is the highest common divisor of 131 and 3537?
131
Calculate the highest common factor of 759 and 99.
33
Calculate the highest common factor of 8 and 3452.
4
Calculate the greatest common factor of 33 and 2838.
33
Calculate the highest common factor of 195 and 130.
65
Calculate the highest common factor of 1254 and 456.
114
What is the greatest common divisor of 200 and 1240?
40
Calculate the greatest common factor of 5600 and 175.
175
What is the highest common divisor of 3852 and 9?
9
What is the greatest common factor of 110 and 10560?
110
What is the greatest common factor of 428 and 4?
4
Calculate the greatest common factor of 11340 and 140.
140
What is the greatest common divisor of 152 and 19?
19
What is the highest common divisor of 36375 and 1940?
485
What is the highest common factor of 132 and 44?
44
What is the greatest common factor of 162 and 18?
18
What is the highest common factor of 227 and 24289?
227
What is the highest common divisor of 14 and 1694?
14
What is the highest common factor of 2 and 209?
1
Calculate the greatest common divisor of 24 and 204.
12
Calculate the highest common divisor of 1696 and 8.
8
Calculate the greatest common factor of 10 and 250.
10
Calculate the highest common factor of 2655 and 472.
59
Calculate the highest common divisor of 195 and 1131.
39
What is the greatest common divisor of 13 and 221?
13
Calculate the highest common factor of 3682 and 14.
14
What is the greatest common divisor of 128 and 1216?
64
Calculate the greatest common divisor of 14326 and 152.
38
Calculate the greatest common divisor of 401 and 1.
1
What is the highest common factor of 10 and 25?
5
Calculate the greatest common divisor of 83184 and 48.
48
Calculate the greatest common divisor of 1670 and 167.
167
What is the greatest common divisor of 476 and 884?
68
What is the highest common divisor of 42 and 2632?
14
Calculate the greatest common factor of 21 and 47208.
21
What is the highest common factor of 21 and 287?
7
What is the highest common divisor of 45 and 180?
45
Calculate the highest common divisor of 244 and 7991.
61
Calculate the highest common factor of 15 and 2535.
15
What is the greatest common factor of 10 and 310?
10
What is the highest common divisor of 22 and 3322?
22
What is the greatest common factor of 187 and 55?
11
What is the highest common factor of 224 and 1428?
28
What is the greatest common factor of 20 and 4820?
20
What is the highest common divisor of 231 and 275?
11
What is the greatest common divisor of 7 and 28?
7
Calculate the greatest common divisor of 70 and 910.
70
What is the greatest common divisor of 172 and 387?
43
What is the greatest common divisor of 110 and 530?
10
Calculate the highest common factor of 4 and 52.
4
What is the greatest common divisor of 70 and 1435?
35
What is the highest common factor of 90 and 2540?
10
Calculate the greatest common factor of 15433 and 46.
23
Calculate the highest common divisor of 97 and 1.
1
Calculate the greatest common factor of 324 and 135.
27
What is the greatest common divisor of 121 and 22?
11
What is the highest common factor of 54 and 20?
2
Calculate the highest common divisor of 143 and 286.
143
What is the greatest common divisor of 12 and 18?
6
Calculate the highest common divisor of 32 and 128.
32
Calculate the greatest common factor of 944 and 767.
59
What is the highest common factor of 6660 and 360?
180
What is the greatest common divisor of 63 and 849?
3
What is the greatest common factor of 43056 and 13?
13
What is the greatest common factor of 819 and 36?
9
Calculate the greatest common divisor of 26 and 559.
13
What is the highest common divisor of 9 and 11079?
9
Calculate the greatest common divisor of 549 and 61.
61
What is the highest common factor of 180 and 2640?
60
Calculate the highest common factor of 1162 and 14.
14
Calculate the highest common divisor of 18816 and 112.
112
Calculate the greatest common divisor of 80 and 5.
5
Calculate the greatest common factor of 10089 and 18.
9
What is the greatest common factor of 342 and 38?
38
Calculate the highest common factor of 1 and 83.
1
Calculate the highest common divisor of 104 and 481.
13
What is the highest common factor of 78 and 624?
78
What is the greatest common divisor of 1419 and 258?
129
Calculate the greatest common factor of 2790 and 36.
18
What is the highest common factor of 105 and 455?
35
What is the greatest common divisor of 700 and 56?
28
What is the highest common divisor of 891 and 363?
33
Calculate the highest common factor of 27 and 33.
3
What is the greatest common factor of 12 and 1500?
12
Calculate the highest common divisor of 11685 and 285.
285
What is the greatest common divisor of 610 and 15?
5
Calculate the greatest common divisor of 2 and 3466.
2
Calculate the greatest common factor of 212 and 16.
4
What is the highest common divisor of 5694 and 273?
39
What is the greatest common divisor of 8702 and 38?
38
Calculate the greatest common factor of 286 and 52.
26
Calculate the greatest common divisor of 4 and 1030.
2
Calculate the highest common divisor of 219 and 146.
73
Calculate the highest common factor of 112 and 35.
7
Calculate the highest common divisor of 104 and 117.
13
What is the greatest common divisor of 2225 and 250?
25
Calculate the greatest common divisor of 549 and 2928.
183
Calculate the greatest common factor of 148 and 333.
37
What is the greatest common divisor of 598 and 874?
46
What is the highest common divisor of 119 and 2941?
17
What is the greatest common factor of 826 and 28?
14
What is the greatest common factor of 711 and 9?
9
What is the greatest common factor of 39960 and 185?
185
What is the greatest common divisor of 15736 and 8?
8
Calculate the highest common factor of 744 and 8.
8
What is the greatest common factor of 738 and 234?
18
Calculate the greatest common factor of 11509 and 17.
17
Calculate the greatest common divisor of 33 and 1507.
11
Calculate the greatest common divisor of 391 and 23.
23
What is the greatest common divisor of 3854 and 94?
94
Calculate the highest common factor of 70 and 3840.
10
What is the highest common factor of 7 and 49?
7
Calculate the greatest common divisor of 133 and 4294.
19
What is the highest common divisor of 2114 and 14?
14
What is the highest common divisor of 40 and 15?
5
What is the greatest common divisor of 624 and 546?
78
What is the highest common factor of 3445 and 26?
13
What is the highest common factor of 1856 and 64?
64
Calculate the greatest common factor of 2457 and 26.
13
Calculate the highest common factor of 7 and 1043.
7
What is the greatest common factor of 306 and 1989?
153
Calculate the greatest common factor of 106 and 53.
53
What is the greatest common factor of 140 and 46900?
140
Calculate the highest common factor of 136 and 4131.
17
Calculate the highest common factor of 43 and 43.
43
What is the highest common divisor of 2822 and 136?
34
Calculate the greatest common divisor of 3854 and 282.
94
Calculate the greatest common divisor of 62 and 3782.
62
What is the highest common divisor of 1157 and 13?
13
Calculate the greatest common factor of 1440 and 200.
40
What is the greatest common divisor of 759 and 297?
33
What is the greatest common factor of 680 and 102?
34
Calculate the highest common factor of 390 and 2880.
30
Calculate the greatest common factor of 17 and 901.
17
Calculate the greatest common divisor of 46 and 46.
46
Calculate the highest common divisor of 25 and 1975.
25
Calculate the highest common divisor of 1374 and 24.
6
What is the greatest common factor of 54 and 6210?
54
What is the highest common divisor of 171 and 95?
19
What is the highest common factor of 602 and 2324?
14
What is the greatest common factor of 256 and 216?
8
Calculate the highest common divisor of 4089 and 141.
141
Calculate the greatest common divisor of 18 and 46467.
9
What is the greatest common factor of 51 and 459?
51
What is the highest common divisor of 94 and 94?
94
What is the highest common divisor of 105 and 2240?
35
What is the highest common factor of 74 and 666?
74
Calculate the highest common divisor of 800 and 125.
25
Calculate the highest common factor 